 43
What are the prime factors of 5491?
17, 19
List the prime factors of 6152.
2, 769
List the prime factors of 194.
2, 97
What are the prime factors of 40558?
2, 7, 2897
List the prime factors of 483.
3, 7, 23
List the prime factors of 127891.
17, 7523
List the prime factors of 1307.
1307
List the prime factors of 653.
653
List the prime factors of 1030.
2, 5, 103
List the prime factors of 4313.
19, 227
What are the prime factors of 146?
2, 73
List the prime factors of 24382.
2, 73, 167
List the prime factors of 3333.
3, 11, 101
What are the prime factors of 46564?
2, 7, 1663
What are the prime factors of 18014?
2, 9007
List the prime factors of 77096.
2, 23, 419
What are the prime factors of 2880?
2, 3, 5
What are the prime factors of 9593?
53, 181
List the prime factors of 28849.
17, 1697
What are the prime factors of 2585?
5, 11, 47
List the prime factors of 17590.
2, 5, 1759
What are the prime factors of 2623?
43, 61
What are the prime factors of 32082?
2, 3, 5347
List the prime factors of 616.
2, 7, 11
What are the prime factors of 25562?
2, 12781
List the prime factors of 120.
2, 3, 5
List the prime factors of 1604.
2, 401
What are the prime factors of 2964?
2, 3, 13, 19
List the prime factors of 5037.
3, 23, 73
List the prime factors of 72522.
2, 3, 17, 79
What are the prime factors of 17755?
5, 53, 67
What are the prime factors of 33575?
5, 17, 79
List the prime factors of 19555.
5, 3911
List the prime factors of 3032.
2, 379
What are the prime factors of 4189?
59, 71
What are the prime factors of 2410?
2, 5, 241
List the prime factors of 819.
3, 7, 13
What are the prime factors of 2182?
2, 1091
What are the prime factors of 8060?
2, 5, 13, 31
List the prime factors of 25230.
2, 3, 5, 29
What are the prime factors of 10199?
7, 31, 47
What are the prime factors of 12967?
12967
List the prime factors of 34014.
2, 3, 5669
What are the prime factors of 93434?
2, 11, 31, 137
List the prime factors of 18920.
2, 5, 11, 43
List the prime factors of 5032.
2, 17, 37
What are the prime factors of 80964?
2, 3, 13, 173
List the prime factors of 7521.
3, 23, 109
List the prime factors of 28027.
28027
What are the prime factors of 1181?
1181
List the prime factors of 67094.
2, 33547
List the prime factors of 4100.
2, 5, 41
List the prime factors of 72091.
72091
List the prime factors of 1729.
7, 13, 19
List the prime factors of 15527.
15527
List the prime factors of 5466.
2, 3, 911
List the prime factors of 5247.
3, 11, 53
List the prime factors of 28731.
3, 61, 157
List the prime factors of 66699.
3, 7411
List the prime factors of 72097.
17, 4241
What are the prime factors of 2998?
2, 1499
List the prime factors of 6960.
2, 3, 5, 29
What are the prime factors of 1822?
2, 911
What are the prime factors of 41561?
13, 23, 139
List the prime factors of 24159.
3, 8053
List the prime factors of 4668.
2, 3, 389
What are the prime factors of 13004?
2, 3251
List the prime factors of 21939.
3, 71, 103
List the prime factors of 5862.
2, 3, 977
What are the prime factors of 8477?
7, 173
List the prime factors of 9973.
9973
What are the prime factors of 88486?
2, 151, 293
List the prime factors of 23427.
3, 19, 137
List the prime factors of 1314.
2, 3, 73
What are the prime factors of 47546?
2, 23773
What are the prime factors of 62?
2, 31
List the prime factors of 1746.
2, 3, 97
List the prime factors of 840.
2, 3, 5, 7
List the prime factors of 1000.
2, 5
What are the prime factors of 6579?
3, 17, 43
List the prime factors of 45274.
2, 22637
What are the prime factors of 81383?
97, 839
What are the prime factors of 76575?
3, 5, 1021
What are the prime factors of 5028?
2, 3, 419
List the prime factors of 9667.
7, 1381
What are the prime factors of 12900?
2, 3, 5, 43
List the prime factors of 1760.
2, 5, 11
List the prime factors of 48490.
2, 5, 13, 373
What are the prime factors of 210?
2, 3, 5, 7
What are the prime factors of 6241?
79
What are the prime factors of 33148?
2, 8287
List the prime factors of 8432.
2, 17, 31
List the prime factors of 553.
7, 79
List the prime factors of 33964.
2, 7, 1213
List the prime factors of 715.
5, 11, 13
List the prime factors of 143.
11, 13
List the prime factors of 696.
2, 3, 29
What are the prime factors of 9324?
2, 3, 7, 37
What are the prime factors of 4370?
2, 5, 19, 23
What are the prime factors of 3152?
2, 197
List the prime factors of 182541.
3, 71, 857
What are the prime factors of 1834?
2, 7, 131
List the prime factors of 423.
3, 47
What are the prime factors of 35070?
2, 3, 5, 7, 167
What are the prime factors of 17690?
2, 5, 29, 61
List the prime factors of 22.
2, 11
What are the prime factors of 579?
3, 193
List the prime factors of 219.
3, 73
What are the prime factors of 339?
3, 113
What are the prime factors of 552?
2, 3, 23
List the prime factors of 12228.
2, 3, 1019
What are the prime factors of 559?
13, 43
What are the prime factors of 22136?
2, 2767
What are the prime factors of 1288?
2, 7, 23
What are the prime factors of 5512?
2, 13, 53
List the prime factors of 11650.
2, 5, 233
What are the prime factors of 10286?
2, 37, 139
List the prime factors of 16211.
13, 29, 43
List the prime factors of 13123.
11, 1193
List the prime factors of 1020.
2, 3, 5, 17
What are the prime factors of 982?
2, 491
List the prime factors of 1722.
2, 3, 7, 41
List the prime factors of 16730.
2, 5, 7, 239
List the prime factors of 128224.
2, 4007
List the prime factors of 10441.
53, 197
List the prime factors of 246.
2, 3, 41
List the prime factors of 1096.
2, 137
List the prime factors of 17687.
23, 769
What are the prime factors of 2971?
2971
List the prime factors of 362.
2, 181
What are the prime factors of 1018?
2, 509
List the prime factors of 2120.
2, 5, 53
What are the prime factors of 7146?
2, 3, 397
List the prime factors of 77669.
101, 769
What are the prime factors of 32460?
2, 3, 5, 541
List the prime factors of 354.
2, 3, 59
List the prime factors of 18237.
3, 6079
What are the prime factors of 5429?
61, 89
What are the prime factors of 18061?
18061
List the prime factors of 213.
3, 71
List the prime factors of 6754.
2, 11, 307
What are the prime factors of 9086?
2, 7, 11, 59
What are the prime factors of 9199?
9199
List the prime factors of 22171.
22171
List the prime factors of 150565.
5, 30113
What are the prime factors of 575?
5, 23
What are the prime factors of 127?
127
What are the prime factors of 12926?
2, 23, 281
What are the prime factors of 105047?
73, 1439
What are the prime factors of 272?
2, 17
What are the prime factors of 2110?
2, 5, 211
What are the prime factors of 1270?
2, 5, 127
List the prime factors of 713.
23, 31
What are the prime factors of 1630?
2, 5, 163
What are the prime factors of 1970?
2, 5, 197
List the prime factors of 82427.
139, 593
List the prime factors of 1714.
2, 857
What are the prime factors of 322?
2, 7, 23
List the prime factors of 4239.
3, 157
What are the prime factors of 25596?
2, 3, 79
What are the prime factors of 4116?
2, 3, 7
What are the prime factors of 6718?
2, 3359
What are the prime factors of 5777?
53, 109
What are the prime factors of 3017?
7, 431
List the prime factors of 16013.
67, 239
List the prime factors of 14668.
2, 19, 193
What are the prime factors of 2608?
2, 163
List the prime factors of 18800.
2, 5, 47
List the prime factors of 21542.
2, 10771
List the prime factors of 12411.
3, 7, 197
What are the prime factors of 345?
3, 5, 23
What are the prime factors of 128162?
2, 64081
What are the prime factors of 8019?
3, 11
List the prime factors of 13044.
2, 3, 1087
What are the prime factors of 26707?
17, 1571
List the prime factors of 8265.
3, 5, 19, 29
List the prime factors of 9815.
5, 13, 151
List the prime factors of 8231.
8231
List the prime factors of 2588.
2, 647
List the prime factors of 8609.
8609
What are the prime factors of 11101?
17, 653
List the prime factors of 21439.
11, 1949
What are the prime factors of 18068?
2, 4517
What are the prime factors of 1634?
2, 19, 43
What are the prime factors of 774?
2, 3, 43
What are the prime factors of 4022?
2, 2011
What are the prime factors of 31320?
2, 3, 5, 29
List the prime factors of 13264.
2, 829
List the prime factors of 441.
3, 7
List the prime factors of 1256.
2, 157
What are the p